{"id":191,"date":"2017-07-13T11:07:33","date_gmt":"2017-07-13T11:07:33","guid":{"rendered":"http:\/\/gplus.com.pl\/?page_id=191"},"modified":"2026-01-09T13:55:56","modified_gmt":"2026-01-09T13:55:56","slug":"o-mnie","status":"publish","type":"page","link":"https:\/\/sychlowyarchitekci.com\/?page_id=191","title":{"rendered":"O MNIE"},"content":{"rendered":"<p>Gra\u017cyna Sych\u0142owyStudia i dyplom:\u00a0Wydzia\u0142 Architektury Politechniki KrakowskiejUprawnienia:\u00a0Uprawnienia budowlane do projektowania bez ogranicze\u0144 w specjalno\u015bci architektonicznej.Przynale\u017cno\u015b\u0107 do organizacji:MPOIA \u2013 Ma\u0142opolska Okr\u0119gowa Izba Architekt\u00f3wSARP \u2013 Stowarzyszenie Architekt\u00f3w Polskich<\/p>\n<p><img loading=\"lazy\" decoding=\"async\" src=\"https:\/\/sychlowyarchitekci.com\/wp-content\/uploads\/2017\/07\/12q-1-480x480.jpg\" width=\"480\" height=\"480\" \/><\/p>\n<p><!-- .container --><\/p>\n<p><!-- .overlay --><\/p>\n<p><img loading=\"lazy\" decoding=\"async\" src=\"https:\/\/sychlowyarchitekci.com\/wp-content\/uploads\/2017\/07\/12q-902x1024.jpg\" width=\"902\" height=\"1024\" \/><\/p>\n<p><!-- .container --><\/p>\n<p><!-- .overlay --><\/p>\n","protected":false},"excerpt":{"rendered":"<p class=\"excerpt\">[&#8230;]<\/p>\n","protected":false},"author":1,"featured_media":0,"parent":0,"menu_order":3,"comment_status":"closed","ping_status":"closed","template":"builder.php","meta":{"footnotes":""},"class_list":["post-191","page","type-page","status-publish","hentry"],"aioseo_notices":[],"_links":{"self":[{"href":"https:\/\/sychlowyarchitekci.com\/index.php?rest_route=\/wp\/v2\/pages\/191","targetHints":{"allow":["GET"]}}],"collection":[{"href":"https:\/\/sychlowyarchitekci.com\/index.php?rest_route=\/wp\/v2\/pages"}],"about":[{"href":"https:\/\/sychlowyarchitekci.com\/index.php?rest_route=\/wp\/v2\/types\/page"}],"author":[{"embeddable":true,"href":"https:\/\/sychlowyarchitekci.com\/index.php?rest_route=\/wp\/v2\/users\/1"}],"replies":[{"embeddable":true,"href":"https:\/\/sychlowyarchitekci.com\/index.php?rest_route=%2Fwp%2Fv2%2Fcomments&post=191"}],"version-history":[{"count":42,"href":"https:\/\/sychlowyarchitekci.com\/index.php?rest_route=\/wp\/v2\/pages\/191\/revisions"}],"predecessor-version":[{"id":813,"href":"https:\/\/sychlowyarchitekci.com\/index.php?rest_route=\/wp\/v2\/pages\/191\/revisions\/813"}],"wp:attachment":[{"href":"https:\/\/sychlowyarchitekci.com\/index.php?rest_route=%2Fwp%2Fv2%2Fmedia&parent=191"}],"curies":[{"name":"wp","href":"https:\/\/api.w.org\/{rel}","templated":true}]}}